0357
What are the prime factors of 488443239?
3, 251, 463, 467
What are the prime factors of 362751731?
2063, 175837
List the prime factors of 31514097.
3, 29, 359, 1009
What are the prime factors of 5167628?
2, 1291907
List the prime factors of 809461199.
19, 211, 201911
What are the prime factors of 75575048?
2, 1063, 8887
List the prime factors of 90567655.
5, 59, 307009
What are the prime factors of 230279746?
2, 97, 1187009
List the prime factors of 420034581.
3, 46670509
What are the prime factors of 19089324?
2, 3, 176753
List the prime factors of 180510424.
2, 22563803
What are the prime factors of 874210559?
874210559
What are the prime factors of 35155653?
3, 13, 901427
What are the prime factors of 7618678903?
11, 692607173
What are the prime factors of 175941586?
2, 37, 47, 50587
List the prime factors of 140065408.
2, 7, 223, 701
List the prime factors of 513237295.
5, 23, 811, 5503
What are the prime factors of 4659466596?
2, 3, 19, 20436257
What are the prime factors of 4157998285?
5, 7, 19, 113, 55333
What are the prime factors of 29009814?
2, 3, 179, 27011
What are the prime factors of 407630000?
2, 5, 40763
What are the prime factors of 731184310?
2, 5, 4673, 15647
What are the prime factors of 2678730?
2, 3, 5, 29, 3079
List the prime factors of 640320620.
2, 5, 761, 42071
List the prime factors of 86315403.
3, 28771801
List the prime factors of 4692335069.
421, 11145689
List the prime factors of 6290349.
3, 13, 19, 653
What are the prime factors of 1318944454?
2, 659472227
What are the prime factors of 34394240?
2, 5, 61, 881
What are the prime factors of 39568026?
2, 3, 131, 50341
What are the prime factors of 301612291?
1499, 201209
List the prime factors of 1777100428.
2, 23, 19316309
List the prime factors of 32684746.
2, 257, 63589
List the prime factors of 636225050.
2, 5, 12724501
List the prime factors of 4884427462.
2, 9337, 261563
List the prime factors of 24493388.
2, 1709, 3583
List the prime factors of 98635042.
2, 11, 19, 83, 2843
What are the prime factors of 137640318?
2, 3, 22940053
What are the prime factors of 2531520952?
2, 316440119
List the prime factors of 30656208.
2, 3, 11, 58061
List the prime factors of 224630917.
7, 2113, 15187
What are the prime factors of 86117482?
2, 11, 61, 64171
What are the prime factors of 55663082?
2, 23, 1210067
What are the prime factors of 426589414?
2, 79, 401, 6733
List the prime factors of 43933484.
2, 7, 1569053
What are the prime factors of 563173084?
2, 397, 354643
List the prime factors of 398443857.
3, 7, 18973517
What are the prime factors of 307228987?
13, 29, 62687
List the prime factors of 248762739.
3, 3529, 23497
What are the prime factors of 707852242?
2, 29, 47, 259667
What are the prime factors of 1907145398?
2, 953572699
List the prime factors of 215949743.
9623, 22441
List the prime factors of 302097010.
2, 5, 61, 495241
What are the prime factors of 3790665015?
3, 5, 17, 19, 782387
What are the prime factors of 675598479?
3, 17, 443, 1759
What are the prime factors of 1004089439?
2713, 370103
What are the prime factors of 1280630518?
2, 59, 103, 105367
List the prime factors of 182004073.
37, 4919029
What are the prime factors of 372756348?
2, 3, 17, 609079
List the prime factors of 255506149.
23, 11108963
What are the prime factors of 493411941?
3, 11, 4983959
List the prime factors of 442313054.
2, 1093, 202339
List the prime factors of 35537226.
2, 3, 2003, 2957
What are the prime factors of 988008703?
11, 17, 5283469
What are the prime factors of 1313794399?
4337, 302927
What are the prime factors of 6883491075?
3, 5, 521, 176161
What are the prime factors of 395194444?
2, 17, 397, 14639
List the prime factors of 2103208682.
2, 1051604341
What are the prime factors of 994616078?
2, 97, 1361, 3767
List the prime factors of 40299647.
29, 1389643
What are the prime factors of 1167924366?
2, 3, 7, 29, 106543
List the prime factors of 38310026.
2, 103, 185971
List the prime factors of 3844213.
19, 202327
List the prime factors of 38083639.
11, 503, 6883
What are the prime factors of 758932232?
2, 61, 1555189
What are the prime factors of 580783246?
2, 290391623
List the prime factors of 33201162.
2, 3, 71, 83, 313
What are the prime factors of 140318781?
3, 19, 2461733
What are the prime factors of 18426757?
2131, 8647
What are the prime factors of 127682958?
2, 3, 13, 1636961
What are the prime factors of 67039182?
2, 3, 7, 19, 41, 683
List the prime factors of 2876751041.
43, 127, 526781
List the prime factors of 27289338.
2, 3, 1699, 2677
List the prime factors of 820981999.
12527, 65537
List the prime factors of 1513367913.
3, 227, 2222273
List the prime factors of 24128646.
2, 3, 499, 8059
List the prime factors of 12144724.
2, 19, 159799
What are the prime factors of 2737875601?
2737875601
List the prime factors of 962081957.
43, 22373999
What are the prime factors of 998335022?
2, 13187, 37853
What are the prime factors of 109751331?
3, 23, 383, 4153
List the prime factors of 47405232.
2, 3, 7, 131, 359
What are the prime factors of 177628186?
2, 88814093
What are the prime factors of 583796459?
583796459
List the prime factors of 3809430606.
2, 3, 241, 2634461
What are the prime factors of 3579560508?
2, 3, 298296709
What are the prime factors of 710295162?
2, 3, 79, 1498513
What are the prime factors of 395179197?
3, 7, 41, 458977
List the prime factors of 53177798.
2, 331, 80329
List the prime factors of 572064809.
23, 109, 173, 1319
List the prime factors of 710400453.
3, 7, 173, 195541
What are the prime factors of 233893972?
2, 13, 345997
What are the prime factors of 28402017?
3, 7, 19, 10169
What are the prime factors of 27229046?
2, 13, 1047271
What are the prime factors of 238461901?
1291, 184711
What are the prime factors of 70570434?
2, 3, 11, 17, 62897
List the prime factors of 350912924.
2, 87728231
List the prime factors of 23771677.
29, 41, 19993
List the prime factors of 33967581.
3, 17, 666031
What are the prime factors of 68757873?
3, 22919291
What are the prime factors of 8018752?
2, 7, 2557
List the prime factors of 645351050.
2, 5, 12907021
What are the prime factors of 337934624?
2, 10560457
List the prime factors of 460008445.
5, 13, 149, 47497
List the prime factors of 2648702051.
17, 331, 27689
List the prime factors of 3385668398.
2, 7, 41, 79, 197, 379
What are the prime factors of 34902968?
2, 317, 13763
List the prime factors of 3178906758.
2, 3, 19, 47, 197767
List the prime factors of 109545333.
3, 73, 409, 1223
List the prime factors of 2119415215.
5, 173, 2450191
What are the prime factors of 10563285?
3, 5, 704219
List the prime factors of 266804959.
29, 9200171
List the prime factors of 905681324.
2, 17, 13318843
List the prime factors of 30320201.
31, 978071
What are the prime factors of 2605765441?
37, 73, 191, 5051
What are the prime factors of 7451837?
37, 201401
What are the prime factors of 4329055711?
4329055711
What are the prime factors of 2987023584?
2, 3, 31114829
What are the prime factors of 2920386955?
5, 67, 83, 105031
List the prime factors of 5525970823.
23, 2593, 92657
What are the prime factors of 204774795?
3, 5, 719, 6329
List the prime factors of 1796651972.
2, 43, 2243, 4657
What are the prime factors of 1804664372?
2, 7, 64452299
List the prime factors of 641725742.
2, 7, 2693, 17021
List the prime factors of 4993269.
3, 97, 17159
List the prime factors of 923055761.
29, 37, 860257
What are the prime factors of 707533773?
3, 235844591
List the prime factors of 58706738.
2, 2741, 10709
What are the prime factors of 14452053?
3, 7, 11, 62563
What are the prime factors of 608638185?
3, 5, 4508431
List the prime factors of 99349600.
2, 5, 7, 113, 157
What are the prime factors of 1027291248?
2, 3, 264221
What are the prime factors of 499904179?
79, 6327901
What are the prime factors of 38695249?
127, 304687
List the prime factors of 83552960.
2, 5, 17, 15359
List the prime factors of 75839231.
13, 5833787
What are the prime factors of 55472492?
2, 13868123
What are the prime factors of 422537?
422537
What are the prime factors of 301733978?
2, 7, 13, 617, 2687
What are the prime factors of 128754402?
2, 3, 7, 59, 223, 233
List the prime factors of 4794380763.
3, 36677, 43573
What are